 is divided by m.
9
Let d(s) = -s**3 - 26*s**2 - 54*s + 28. What is the remainder when d(-25) is divided by 13?
12
Let c = -198 + 200. Suppose -m + 3 = 0, -5*b + c*m = -0*m - 49. Calculate the remainder when 30 is divided by b.
8
Let o(h) = -h**3 + 22*h**2 + 215*h + 3. Calculate the remainder when o(29) is divided by 57.
9
Let h be (-3982)/26 - (-36)/234. Let v = 172 + h. What is the remainder when 53 is divided by v?
15
What is the remainder when 749 is divided by (2 - 0)/((8/(-373))/(-4))?
3
Let v be 10/2*6/(-10). Suppose -2*s - s - 54 = 3*r, -5*r - 75 = 2*s. Let q = v - r. Calculate the remainder when 38 is divided by q.
8
Let n(u) be the first derivative of 4*u**3/3 - 3*u**2 - 4*u - 33. Let k(p) = 13*p**3 - 1. Calculate the remainder when k(1) is divided by n(-1).
0
Suppose 4*z = 8*z. Suppose -l + 422 + 133 = -4*x, z = -5*x + 25. Suppose -l = -4*w - 179. Calculate the remainder when w is divided by 50.
49
Let a(m) be the third derivative of -38*m**2 - 25/6*m**3 + 0*m + 0 + 1/30*m**5 - 1/4*m**4. Calculate the remainder when a(8) is divided by 14.
13
Let h(r) = 10*r + 17. What is the remainder when 63 is divided by h(0)?
12
Suppose -1 = -a + 4. Suppose a*n - 346 - 89 = 0. Suppose 5*c + 25 + 53 = 4*d, 5*c - 10 = 0. What is the remainder when n is divided by d?
21
Let b = 1555 - 1472. Let a = -21 + 42. What is the remainder when b is divided by a?
20
Let j = 15087 + -15043. What is the remainder when 1248 is divided by j?
16
Let i = 7646 - 7592. What is the remainder when i is divided by 43?
11
Calculate the remainder when (282/(-54) - -5) + 2254/9*5 is divided by 23.
10
Suppose -6*b = 16 - 94. Let v be 64/416 - (-3534)/b. Suppose -5*g - x = -v, 0*g + 2*x - 58 = -g. Calculate the remainder when g is divided by 14.
12
Let q be 23 + (7/(-2) + 4)*2. What is the remainder when 303 is divided by (1 + (-15)/(-2))/(12/q)?
14
Let q = 21234 + -18120. Calculate the remainder when q is divided by 283.
1
Suppose -5*r - 6 = -86. Calculate the remainder when (-8)/3*441/84 - -170 is divided by r.
12
Let j(n) = n**2 - 2*n + 21. Suppose -4*t + 5*p = 7, 17*t - 12*t + 4*p + 60 = 0. What is the remainder when j(t) is divided by 51?
50
Suppose -165*z = -156*z - 2583. Suppose 2*r + 0*k + 3*k = 52, 0 = -3*r + 5*k + 116. Calculate the remainder when z is divided by r.
31
Suppose 0 = 4*m + 4*c - 224, -m = -71*c + 66*c - 26. What is the remainder when 688 is divided by m?
25
Let t(o) = -4*o**2 - 40*o - 32. Let j(l) = l**2 - l. Let h(n) = 8*j(n) + t(n). What is the remainder when 35 is divided by h(13)?
15
Let s(l) = 96*l**3 - 3*l**2 + l + 1. Suppose 6*q + 25 = 49. Let r be (-5)/(-7) - q/(-14). Calculate the remainder when s(r) is divided by 35.
25
Let i(d) = 12*d + 17. Let p be i(5). Suppose -14*o - 1659 = p. Let n = -99 - o. Calculate the remainder when 73 is divided by n.
23
What is the remainder when 363 is divided by (-1*1)/(11*20/(-36) - -6)?
3
Let k = 0 - -21. Calculate the remainder when (8 - 4 - -47) + (-7 - (11 - 22)) is divided by k.
13
Suppose -3*v = 4*s - 154, 4*v = 3*s - 136 + 8. Suppose 40*m = 36*m + 56. Suppose 0*r + r - m = 0. Calculate the remainder when s is divided by r.
12
Let x = -44 + 125. Suppose 3*n + 4*z - 2*z = 48, 0 = 5*n + 3*z - x. Let y = 15 + -10. Calculate the remainder when n is divided by y.
3
Let h = 192 + -186. Suppose -h*q = -10*q + 52. Calculate the remainder when 60 is divided by q.
8
Suppose 86*d - 53328 - 32522 = -15*d. Calculate the remainder when d is divided by 416.
18
Suppose 3*z - 15 = w, -2*z + 3*z = -3*w - 45. Let u(c) = -4*c - 12. Let i be u(w). Let t = i + -19. What is the remainder when t is divided by 8?
5
Let s = 106 + -75. Suppose -i = 2*g - s, -2*i - 3*g + 2*g + 47 = 0. Suppose -17*r - 472 = -i*r. What is the remainder when r is divided by 17?
16
Suppose -f + 304 = 307. Calculate the remainder when 279 is divided by (-1)/f + 3640/78.
44
Let p(n) = -3*n**3 - 8*n**2 + 62*n + 52. Calculate the remainder when p(-10) is divided by 21.
15
Suppose 28 = 2*d - 5*o, 13*o = -3*d + 12*o + 25. Suppose 0 = d*f + 118 - 640. Calculate the remainder when 520 is divided by f.
56
Let w(l) = 23*l - 172. Let s(z) = -12*z + 86. Let o(t) = -7*s(t) - 4*w(t). Calculate the remainder when 91 is divided by o(6).
15
Let k be 11674/16 - ((-126)/(-16))/(-21). Suppose -666 = 4*x - k. What is the remainder when 365 is divided by x?
13
Suppose -4*j - 4*b + 436 = 0, 0 = -4*j + 3*b + 383 + 4. Calculate the remainder when j is divided by 88.
14
Let g(u) = 18*u - 304. Let f = 96 - 72. What is the remainder when g(24) is divided by f?
8
What is the remainder when 633384/304*2/9 is divided by 12?
7
Let a be 24 + 3 + 0/(-5). Suppose -5*t - 12*c + 10*c + 42 = 0, -4*t - 4*c = -24. Calculate the remainder when a - -3 - 2/2 is divided by t.
9
Suppose g + 2*i + 6 + 4 = 0, -2*i - 50 = 3*g. Let w be (-1270)/(-25) - (-16)/g. Suppose 18*d - w = 13*d. What is the remainder when 28 is divided by d?
8
Suppose 2*v - 2*r - 292 = 0, 3*v - r - 168 = 264. Let g = 145 - v. Calculate the remainder when 4 + -1*(-2)/(-2) is divided by g.
1
Suppose b + 89 + 49 = 5*z, -108 = -4*z + 2*b. Suppose -2*d + z = -5*j, 3*j - 6*j = -3*d + 24. What is the remainder when 37 is divided by d?
1
Let s = 578 + -457. Calculate the remainder when 241 is divided by s.
120
Let c(d) = -2*d**3 + 45*d**2 + 152*d - 462. Calculate the remainder when 665 is divided by c(25).
26
Let a(s) = -s**2 - 5*s - 1. Let x be a(-1). Suppose -2640 = -15*g + x*g. What is the remainder when g is divided by 23?
13
Suppose 2*v = 4*v - 4. Suppose y = -v*s + 56, 4*y - 164 = y - 4*s. Let z(u) = u**2 - 4*u - 5. What is the remainder when y is divided by z(8)?
25
Let m(a) = -181*a - 4304. What is the remainder when 394 is divided by m(-24)?
34
Calculate the remainder when -11 + 17 - (-103 + 2) is divided by (124/93)/((-2)/(-36)).
11
Let q = 3148 + -3142. Calculate the remainder when 868 is divided by q.
4
Suppose 3*q = -5*x - 0*x + 25, -q = 3*x - 11. Suppose -x*g = -914 + 168. Calculate the remainder when g is divided by 17.
16
Let r = -1110 + 2999. Calculate the remainder when r is divided by 61.
59
Let o = -353 - -361. Suppose 21 + 91 = o*f. Calculate the remainder when 83 is divided by f.
13
Calculate the remainder when 7 + 4105 + -56 + 36 is divided by 128.
124
Calculate the remainder when (-124)/(-3)*9/6 is divided by (6/(-27))/(17 - 2480/144)*11.
7
Suppose -7*d + 13600 = -6700. What is the remainder when d is divided by 194?
184
Suppose 0 = -11813*j + 11815*j - 42. What is the remainder when 3526 is divided by j?
19
Let f be ((-22)/4)/((-34)/748). Suppose c - f - 55 = -o, -4*o + 4*c + 712 = 0. What is the remainder when o is divided by 9?
6
Let z(k) = 3*k**3 - 6*k**2 - 6*k + 9. Let n be z(4). Suppose -3*w = -3 - n. Calculate the remainder when w is divided by 12.
4
Suppose 5*n - 24 = -n. Suppose 270 = -n*y + 9*y. Suppose -5*f = 5*z - 140, -2*z - 3*f + y = f. Calculate the remainder when 56 is divided by z.
27
Let w = 686 - -214. What is the remainder when (138/345)/(2/w) is divided by 3?
0
Let u be (-204)/(-21) + 2 + 48/(-28). Let s be 1/2 - (u/(-4) - -3). Suppose s*j - 13*j = -3107. What is the remainder when j is divided by 12?
11
Suppose 186 = 4*l + 3*f, 4*l - 4*f + 892 = 1120. What is the remainder when 1732 is divided by l?
49
Suppose -4*j - 5*p = -304 - 42, 326 = 4*j - 5*p. Suppose -j + 36 = -4*f. Suppose 13 + 11 = f*k. Calculate the remainder when 6 is divided by k.
0
Let o(m) = -4*m - 31. Let p be o(-9). Suppose 259 = p*g + 54. Calculate the remainder when g is divided by 15.
11
Let c(b) = -205*b + 505. What is the remainder when c(-2) is divided by 75?
15
Suppose -2*k = -4*o - 732, -22*k - 8*o - 728 = -24*k. What is the remainder when k is divided by 341?
27
Let a(m) = -m**3 + m**2 - 2*m - 2. Calculate the remainder when 934/(-4670) + 616/5 is divided by a(-2).
11
Let r = 182 + -162. Suppose 300 = -r*u + 24*u. Calculate the remainder when u is divided by 43.
32
Let w(p) = -p**2 - 6*p + 9. Let k be w(-5). What is the remainder when 21 is divided by (8 - 7)/(2/k)?
0
Let l be 3 + -7 - (-30)/6. Let s(i) = 31*i - 9. What is the remainder when 0*(-3)/(-6) - -38 is divided by s(l)?
16
Suppose 50 + 30 = 5*g. Let b = -6 - -8. Suppose 0 = -4*v + b*c + 14, -3*v + 2*c = -9 - 2. What is the remainder when g is divide